*i - 429. Give b(4).
487
Let x(f) = -2185*f - 4378. Calculate x(-2).
-8
Let w(i) = -522*i + 271. Determine w(1).
-251
Let b(v) = -50*v + 391. Calculate b(8).
-9
Let l(o) = -10*o - 608. Calculate l(-69).
82
Let z(f) = 90*f - 635. Give z(7).
-5
Let x(t) = t**3 + 45*t**2 + 320*t - 51. Give x(-9).
-15
Let n(u) = -u**2 - 43*u + 604. Give n(-53).
74
Let s(z) = -20*z**2 + 8*z + 20. Calculate s(-2).
-76
Let m(q) = q**3 - 22*q**2 - 433*q + 844. Calculate m(34).
-6
Let n(i) = -92*i + 41. Calculate n(2).
-143
Let x(j) = j**2 + 146*j - 2517. Determine x(15).
-102
Let l(m) = -3*m - 76. Determine l(-2).
-70
Let g(l) = -55*l + 150. Determine g(-8).
590
Let n(g) = -6*g + 159. Calculate n(3).
141
Let s(o) = 2*o**3 + 13*o**2 - 2*o + 38. Give s(-7).
3
Let f(v) = 2*v**2 - 39*v - 84. What is f(20)?
-64
Let v(s) = -s**2 + 3*s + 12. Determine v(8).
-28
Let l(c) = c**3 - 40*c**2 - 172*c - 182. What is l(44)?
-6
Let f(o) = -11*o**3 + o**2 + 3*o - 1. Determine f(1).
-8
Let g(s) = -2*s**3 + 74*s**2 + 5*s + 50. Give g(37).
235
Let u(f) = 130*f - 265. Give u(0).
-265
Let b(s) = -s**3 - 102*s**2 - 227*s - 2693. What is b(-100)?
7
Let b(a) = a**2 - 29*a + 309. Determine b(12).
105
Let s(f) = -8*f**2 - 3*f + 24. What is s(5)?
-191
Let z(f) = -2*f**3 - 58*f**2 - 4*f + 37. Calculate z(-29).
153
Let x(w) = w**3 + 9*w**2 + 45*w + 211. Calculate x(-7).
-6
Let j(u) = 9*u**2 + 15*u + 24. Determine j(-3).
60
Let n(q) = 6*q**2 + 94*q + 300. Determine n(-11).
-8
Let h(v) = -1317*v + 39503. Give h(30).
-7
Let v(f) = -1230*f - 4952. Determine v(-4).
-32
Let f(g) = -g**2 + 19*g + 472. Give f(-13).
56
Let r(u) = u**3 - 16*u**2 - 96*u + 1005. What is r(18)?
-75
Let j(l) = -l**2 - 47*l + 933. Calculate j(-62).
3
Let y(c) = -2*c**3 - 73*c**2 - 12*c + 864. Give y(-36).
0
Let q(g) = g**2 - 11*g - 378. Calculate q(24).
-66
Let m(i) = i**2 - 1311*i - 9230. What is m(-7)?
-4
Let r(q) = q**2 - 205*q - 838. Give r(-4).
-2
Let w(j) = -2006*j + 5990. Give w(3).
-28
Let z(t) = -4*t**2 - 5. Calculate z(-5).
-105
Let d(o) = 261*o - 2361. Calculate d(9).
-12
Let o(z) = -z**3 - 2*z**2 + 87*z - 16. Calculate o(8).
40
Let m(n) = 2*n**3 - 96*n**2 + 100*n - 42. What is m(47)?
240
Let r(s) = 1218*s - 12104. What is r(10)?
76
Let h(r) = -2*r**2 + 32*r - 131. Give h(8).
-3
Let k(p) = 4*p**2 + 5*p - 367. Determine k(9).
2
Let p(t) = -91*t - 366. What is p(-7)?
271
Let p(h) = -130*h + 674. Calculate p(4).
154
Let a(c) = 2*c**3 - 29*c**2 + 16*c - 34. What is a(14)?
-6
Let o(f) = 208*f + 1074. Determine o(-4).
242
Let p(m) = 456*m - 11370. Calculate p(25).
30
Let d(s) = s**2 - 26*s - 9. Give d(0).
-9
Let p(i) = i**2 - i - 61. Calculate p(10).
29
Let u(d) = 3*d**3 - 67*d**2 + 23*d + 195. Determine u(22).
217
Let c(v) = 3*v**3 - 125*v**2 - 1208*v - 2095. What is c(50)?
5
Let s(u) = 245*u - 9780. Give s(40).
20
Let o(y) = y**3 + 2*y**2 - 14*y + 17. Give o(3).
20
Let x(f) = 860*f - 32664. Give x(38).
16
Let k(d) = 3*d**2 - 80*d + 431. What is k(8)?
-17
Let v(y) = y**3 + 47*y**2 + 43*y - 114. What is v(-46)?
24
Let m(s) = -6*s**2 - s + 93. Determine m(-4).
1
Let l(j) = 93*j - 1688. What is l(18)?
-14
Let y(w) = -w**3 - 63*w**2 - 169*w + 648. Determine y(-60).
-12
Let p(c) = -12*c**2 - 168*c + 176. Determine p(-15).
-4
Let i(j) = 5*j + 15. Give i(10).
65
Let b(v) = -2*v**3 + 39*v**2 - 8*v + 56. Determine b(17).
1365
Let o(q) = -4*q**2 + 546*q - 1824. Determine o(133).
38
Let m(f) = -f**3 - 165*f**2 + 4*f + 669. What is m(-165)?
9
Let u(k) = 36*k - 105. What is u(3)?
3
Let z(a) = a**3 - 5*a**2 - 148*a + 3. What is z(-10)?
-17
Let o(t) = -29*t**2 - 927*t + 42. Determine o(-32).
10
Let p(f) = 85*f - 4588. Calculate p(54).
2
Let q(z) = 37*z - 1107. Determine q(30).
3
Let w(i) = -i**3 - 95*i**2 - 1875*i + 75. What is w(-67)?
8
Let z(g) = -g**3 - 17*g**2 + 104*g - 27. Calculate z(5).
-57
Let l(u) = 18*u**2 + u + 22. Determine l(0).
22
Let v(r) = r**2 + 54*r - 2990. Give v(34).
2
Let w(j) = 56*j**2 - 389*j - 12. Determine w(7).
9
Let y(s) = s**3 + 17*s**2 - 60*s - 435. Calculate y(-19).
-17
Let a(v) = 19*v + 94. Determine a(-6).
-20
Let s(r) = 26*r - 1319. Calculate s(50).
-19
Let x(j) = j**2 - 82*j + 1641. What is x(34)?
9
Let m(d) = -2124*d - 10607. Give m(-5).
13
Let i(f) = -f**3 + 65*f**2 - 65*f + 29. Calculate i(64).
-35
Let l(u) = -u**3 - 2*u**2 + 3*u - 7. Calculate l(-4).
13
Let y(b) = b**2 + 20*b + 111. What is y(-10)?
11
Let j(x) = 307*x - 371. What is j(1)?
-64
Let l(f) = 159*f - 2500. Determine l(16).
44
Let v(h) = 27*h**2 + 183*h + 219. Calculate v(-5).
-21
Let b(n) = -2*n**3 - 307*n**2 - 123*n + 4590. Give b(-153).
0
Let i(m) = 6*m - 11. What is i(5)?
19
Let p(d) = 16*d - 561. What is p(43)?
127
Let i(t) = 27*t**2 + 55*t - 54. Give i(1).
28
Let z(m) = 2*m**2 - 70*m - 2189. Calculate z(55).
11
Let t(r) = -r**3 + 137*r**2 - 913*r + 361. What is t(130)?
-29
Let f(g) = -5*g**3 + 8*g**2 - 15*g + 31. What is f(5)?
-469
Let b(n) = -7786*n + 62298. Give b(8).
10
Let l(h) = -6*h**2 + 146*h - 50. Give l(24).
-2
Let b(v) = 247*v**3 - 2*v**2 - 2*v. Determine b(-1).
-247
Let d(s) = s**3 - 13*s**2 - 13*s + 96. What is d(10)?
-334
Let u(n) = 2*n**2 + 397*n + 2706. Determine u(-7).
25
Let a(f) = 58*f**2 - 16*f + 18. Determine a(1).
60
Let o(f) = 2*f**2 - 104*f + 322. Determine o(3).
28
Let s(g) = -309*g - 2829. Give s(-9).
-48
Let n(f) = 39*f**3 - 174*f**2 - 352*f - 2. Determine n(-2).
-306
Let k(o) = -4*o - 148. Give k(-40).
12
Let v(y) = 5*y**2 - 24*y - 45. Give v(-2).
23
Let j(u) = -2*u**2 - 265*u - 4763. Calculate j(-111).
10
Let s(q) = q**2 + 3*q - 40. What is s(0)?
-40
Let v(g) = -3*g**2 + 653*g + 1309. Calculate v(-2).
-9
Let u(r) = -r**2 - 89*r - 922. Determine u(-13).
66
Let x(d) = -d**3 + 11*d**2 - 20*d + 10. Determine x(12).
-374
Let o(u) = 12*u - 67. What is o(26)?
245
Let z(r) = r**2 - 42*r + 369. Give z(14).
-23
Let t(g) = g**3 + 34*g**2 + g - 90. Give t(-34).
-124
Let j(l) = -2*l**3 + 4*l**2 - 90*l + 422. Determine j(4).
-2
Let s(i) = -59*i - 27. Determine s(-3).
150
Let i(r) = 16*r - 1207. Determine i(84).
137
Let r(q) = q**3 + 8*q**2 - 40*q - 236. Calculate r(-10).
-36
Let o(f) = f**3 - 31*f**2 + 84*f - 11. Determine o(28).
-11
Let v(a) = 83*a + 11361. Give v(-137).
-10
Let h(g) = -1098*g - 3282. Give h(-3).
12
Let s(a) = 261*a**2 - 24*a - 23. What is s(-1)?
262
Let h(x) = 2*x**2 - 73*x - 865. Give h(-11).
180
Let o(q) = -15*q + 53. Calculate o(3).
8
Let y(u) = 7*u**2 - 48*u + 326. Give y(14).
1026
Let f(h) = -8113*h + 56790. Give f(7).
-1
Let g(w) = 2420*w + 4844. Give g(-2).
4
Let u(z) = -z**2 - 11*z - 17. Determine u(8).
-169
Let p(q) = -6*q**2 + 96*q - 9. Give p(15).
81
Let y(o) = -4*o**2 + 101*o + 42. Give y(17).
603
Let x(l) = -11*l**3 + 12*l**2 - 6*l - 8. Calculate x(1).
-13
Let z(h) = 7*h**2 + 109*h + 360. Calculate z(-11).
8
Let u(o) = 494*o + 2453. Give u(-5).
-17
Let h(b) = 39*b - 823. Give h(21).
-4
Let d(g) = -g**2 - 10*g + 114. What is d(-17)?
-5
Let z(h) = h**2 - 114*h + 1489. Calculate z(15).
4
Let w(h) = h**2 - 23*h + 274. Determine w(13).
144
Let o(j) = 2*j**3 - j**2 + 14*j + 1. Determine o(3).
88
Let p(j) = -3*j**2 + 39*j + 77. Calculate p(-2).
-13
Let u(t) = -43*t - 696. Calculate u(-15).
-51
Let d(p) = 2*p**2 - 23*p + 13. What is d(12)?
25
Let a(o) = -31*o**2 + 16*o - 31. Determine a(2).
-123
Let j(x) = 154*x - 1246. Give j(8).
-14
Let a(z) = z**3 - z + 158. Calculate a(0).
158
Let r(o) = -o**2 + 23*o + 2238. What is r(62)?
-180
Let j(r) = 2*r**2 + 8*r + 12. Determine j(0).
12
Let u(f) = f**3 + 19*f**2 - 20*f + 10. Give u(-20).
10
Let f(n) = -n**3 - 59*n**2 - 271*n - 86. Determine f(-54).
-32
Let h(q) = -4*q**2 - 22*q + 92. Determine h(9).
-430
Let b(c) = c**3 + 49*c**2 + 40*c - 2541. Determine b(-47).
-3
Let p(x) = -170*x + 589. Determine p(9).
-941
Let c(d) = -47*d - 1013. Determine c(-22).
21
Let y(b) = 284*b + 765. Calculate y(-3).
-87
Let m(n) = -18318*n + 109903. What is m(6)?
-5
Let a(r) = -r**2 - 1174*r - 1. Determine a(0).
-1
Let q(w) = 3*w**3 - 120*w**2 + 110*w + 287. Calculate q(39).
14
Let f(w) = 57*w - 1028. Determine f(18).
-2
Let s(u) = u**2 + 76*u + 820. What is s(-13)?
1
Let s(l) = l**3 - 34*l**2 + 36*l - 93. Determine s(33).
6
Let g(x) = 2*x**2 - 34*x + 234. What is g(12)?
114
Let y(g) = -125*g**2 - 15*g - 2. Calculate y(-1).
-112
Let d(k) = k**2 - 29*k - 102. Determine d